(w) = 81*w**2 - w + 5. What is the units digit of a(c)?
7
Suppose 0 = 5*b - 5*u - 50, 4*u - 5*u = b - 6. Suppose 5 = -l + b. Suppose 0 = 4*i + x - 235, 2*i - 5*x + l*x - 110 = 0. What is the tens digit of i?
5
Suppose -4*j - 4*f + 834 = -2*f, f = -3*j + 627. Let y be (1/2)/((-45)/j)*138. Let p = -161 - y. What is the tens digit of p?
6
Let b(z) = z. Let y be b(0). Suppose y = -3*s + 38 - 23. Suppose 3*a + 4*v = 404, -4*a + s*v - 265 + 814 = 0. What is the hundreds digit of a?
1
Suppose -10 = -4*v + o, o + 14 = v + 10. What is the hundreds digit of 22520/70 - v/(-7)?
3
Let h(d) = 2*d**2 + 6*d + 13. Let p be h(-11). Suppose -2*y + 5*c - 197 = 0, 42 = 2*y - c + 251. Let t = p + y. What is the units digit of t?
3
Let v(l) = -312*l - 1938. What is the tens digit of v(-36)?
9
Suppose 451*s - 444*s - 42 = 0. What is the units digit of (13 - 133)*s/(-4)?
0
Let a be ((-96)/(-18))/(4/3). Suppose 2*k - 19 = -5. Suppose 0 = -3*b + a*s + 633, k*s - 2*s - 422 = -2*b. What is the hundreds digit of b?
2
What is the units digit of 3/(-24) - (-7584832)/512?
4
Suppose -594 = 9*t + 10269. Let b = 85 - t. What is the units digit of b?
2
Let c be (-108)/(-26) - (-8)/(-52). Suppose 2*m - c*x - 4 = 0, -m - 3*x + 6 = 2*m. Suppose r - m*q = 2*q + 52, q = -2. What is the units digit of r?
4
Let i(k) = -4*k - 20. Let q be i(-5). Suppose q*y + 3*y = 0. Suppose 2*n + 4*n - 36 = y. What is the units digit of n?
6
Let y = -90 - -159. Suppose 66*p + 297 = y*p. What is the units digit of p?
9
Suppose 631 = -2*q - 3*b, 4*q + q = b - 1586. Let i = 127 - q. What is the units digit of i?
4
Suppose -47 = -29*h + 40. Suppose -3*s - 7*r + 854 = -h*r, 5*r = -5*s + 1425. What is the hundreds digit of s?
2
Suppose 2*r - 22928 = 3*j, 33795 = 5*r - 4*j - 23525. What is the hundreds digit of r?
4
Let h be (8/(-10))/((-7)/35). Suppose -h*a + a = -4*w - 496, -3*a + 500 = -5*w. What is the tens digit of 1/((1 + a/(-164))/3)?
2
Let k(h) = -16*h + 252. Let f be k(16). Let i(o) = 31*o**2 - 8*o + 18. What is the tens digit of i(f)?
4
What is the units digit of 5953 - (3 - (-2 + 0))?
8
What is the tens digit of (-1308)/(-10)*(38 + -5 + (14 - 22))?
7
Let o(t) be the second derivative of t**6/30 + 7*t**5/40 - 7*t**4/6 - 10*t. Let q(w) be the third derivative of o(w). What is the tens digit of q(4)?
1
Suppose 1124 = 5*n + g - 0*g, -4*n + 900 = g. Let d = -182 + n. What is the units digit of d?
2
Let o(v) = 1867*v**3 + 9*v**2 + v + 2. What is the hundreds digit of o(2)?
9
Let v = -217 - 273. What is the units digit of -26 - v - (-1 - -5)?
0
Let k = 3897 + -2193. What is the hundreds digit of k?
7
Let y be (2*3)/(36/(-13008)). Let s = y - -4033. What is the hundreds digit of s?
8
Let m(g) = 39 + 41 - 71 + g + 5*g. Let o = 5 - 0. What is the tens digit of m(o)?
3
Let o = -312 + 509. Let l = -36 + o. What is the hundreds digit of l?
1
Suppose 6 = i + 2*i + 3*v, 0 = -5*i - 2*v - 2. Let k be (-8 - i)/(0 - -1). Let c(m) = m**3 + 9*m**2 + 5*m + 12. What is the units digit of c(k)?
0
Let h be (7/3)/(1/(-3)). Let a(l) = 26*l + 241. What is the units digit of a(h)?
9
Let q(o) be the first derivative of 2*o + 10 - o**2 + 2/3*o**3 + 17/4*o**4. What is the tens digit of q(1)?
1
Suppose -5*q - 1430 = -3*q - 21246. What is the units digit of q?
8
Suppose 0 = -2*x, 3*x + 114 = -3*i + 6*x. Let n(v) = -18*v - 169. What is the tens digit of n(i)?
1
Suppose 0 = -4*d + 3*c + 165190, -3*d + 123886 = 56*c - 55*c. What is the units digit of d?
6
Let c(t) = -54*t**3 + t + 2. Let u be c(-1). Let k = u - 53. Suppose -5*n - k*y + y + 610 = 0, -4*y + 349 = 3*n. What is the tens digit of n?
2
Let u = 2973 - -29105. What is the hundreds digit of u?
0
Let q(o) = 7*o**3 - 23*o**2 - 82*o - 49. What is the hundreds digit of q(17)?
3
Suppose -n + o + 8 = 0, -5*n = -2*o + 5*o - 56. Let k be 2/12 + (-4565)/(-6). Suppose -h + 4*s = -4*h + k, 5*s - n = 0. What is the tens digit of h?
5
What is the tens digit of -9*(-4)/(-18)*-2413?
2
Let o = 77 + -113. Let d be (13/((-26)/o))/(-2). What is the tens digit of 6/d + (-4)/3 - -65?
6
Suppose -40*j - 13723 + 65283 = 0. What is the tens digit of j?
8
Let w(d) = -d**3 + 2*d**2 + 9*d - 13. Let c be w(3). Let n(b) = b**3 - 6*b**2 + 4*b - 7. Let j be n(c). What is the units digit of 29 + -3*j/(-9)?
5
Let i(g) = 3*g**2 + 7350. What is the thousands digit of i(0)?
7
Suppose 1066*g - 1061*g - 43795 = 0. What is the hundreds digit of g?
7
Suppose 0 = 17*z - 100*z + 4092896. What is the tens digit of z?
1
Suppose 11*j + 9*j - 423345 = -19*j. What is the hundreds digit of j?
8
Let k(g) = -g**3 + 10*g**2 + 2*g - 3. Let b be k(8). Let l = b - 136. Suppose -l*j - 106 + 466 = 0. What is the tens digit of j?
7
Suppose 9*n = 13*n - 1356. Let b = n + -196. What is the tens digit of b?
4
Suppose -4*s + 10134 = -9*f, 3*s + 5*f + 0*f - 7671 = 0. What is the tens digit of s?
4
Suppose -127 = -2*f - c + 935, 0 = -5*f - 4*c + 2661. What is the tens digit of f?
2
Suppose 3*z - 15*c - 81 = -12*c, -62 = -2*z + 4*c. Suppose z*v = 17*v + 1044. What is the hundreds digit of v?
1
Suppose -2*p = 1 + 9, -p + 1950 = c. What is the hundreds digit of c?
9
Suppose -27*p + 258838 = -40969 - 26164. What is the thousands digit of p?
2
Let g = 20436 - 12145. What is the hundreds digit of g?
2
What is the thousands digit of (-3)/2 - (-99918)/52?
1
Let m be (-18)/4*22/(-3). Let x(y) = -2*y**3 - 19*y**2 - 28*y - 10. Let r be x(-8). Let t = m - r. What is the units digit of t?
1
Let u = 11187 - 4175. What is the hundreds digit of u?
0
Let l = 481 - -3499. What is the hundreds digit of l?
9
Suppose 3*f + 26 = 2*l, -10*f - 6 = -7*f. Let r(u) = u**3 - 3*u**2 - 27*u + 28. What is the tens digit of r(l)?
5
Let y be (17 + -4 - 6)*2. Suppose 1449 = -y*v + 16709. What is the thousands digit of v?
1
What is the tens digit of 65/(-39) + 2/9*84297?
3
Let q(l) be the third derivative of 5/2*l**3 + 0 + 0*l - 7*l**2 - 1/24*l**4. What is the units digit of q(4)?
1
Let l be 151 + 4 + 2 + -3. Suppose 5*g + 0*q + 2*q - l = 0, 112 = 4*g - 4*q. Let k = -27 + g. What is the units digit of k?
3
Let h = 39378 + -3720. What is the units digit of h?
8
What is the tens digit of 19327*1 - ((-47 - -31) + 27)?
1
Let u be ((-24)/(-36))/(2/6). Suppose -65 = -u*v - 61. Suppose 0*a = 3*a + v*p - 418, -5 = -p. What is the tens digit of a?
3
Suppose 0 = 3*c + 9*c - 180. What is the units digit of c/135 - (-1366)/18?
6
Suppose 5*b - 5*i - 485 = 1185, -5*i = 3*b - 1018. Let r = -83 + b. What is the tens digit of r?
5
Suppose 31*f = 83*f - 6567 - 17769. What is the tens digit of f?
6
Let m = -1649 + 13113. What is the hundreds digit of m?
4
Suppose 2*y = 2*b - 3*b + 8710, -b + 3*y = -8685. Suppose -5*n + 2*g + b = 0, -4*n + 5*g + 5330 = -1630. What is the thousands digit of n?
1
Suppose -5*o - 5*w + 285 = 0, 5*o - 250 = -2*w + 20. Suppose -176 = -o*h + 53*h. What is the units digit of (-1)/(h/(-178) + (-1)/1)?
9
Let y be (2 - -2321) + 6 + -1. Suppose -6*k + y = -942. What is the tens digit of k?
4
Let v(q) = q**2 + 26*q - 52. Let l be v(2). Suppose 5*u - 3*g = 4894, -l*u = -3*u - 3*g - 986. What is the hundreds digit of u?
9
Suppose 0 = -13*x - 4*x + 1088. Suppose -20 = -2*c + 7*c, 3*c - x = -2*z. What is the tens digit of z?
3
Suppose y - 1 = 4*y + 2*s, 5*s - 8 = 3*y. What is the units digit of (0 + y - -276) + 5?
0
Suppose 3*h = 21006 - 8271 + 16629. What is the tens digit of h?
8
Let k(y) = y**3 + 4*y**2 + 2*y - 2. Let t be k(-2). Suppose i = 1 - t, 5*i + 332 = z. Let s = z - 208. What is the hundreds digit of s?
1
Suppose 3*p + 2064 = 3*t, -t - 4*p = 4*t - 3476. Let y = t + -52. What is the hundreds digit of y?
6
What is the hundreds digit of -2*(-13)/26*13437?
4
Suppose 2*b + 40210 = -2*v, 10*v = 3*b + 14*v + 60316. What is the units digit of b/(-42) - (-2)/(-3)?
8
Let u = 365 - 179. Let a = u + -426. What is the units digit of a/(-9) - (-4)/(-6)?
6
Suppose -2*a + q + 18238 = 0, -5*q - 12111 = -3*a + 15260. What is the units digit of a?
7
Let t(u) = -5*u**2 - 3*u - 2. Let l be t(-2). Let a be l - (2/(-4))/((-3)/(-12)). What is the hundreds digit of 735/4 + a/(-56)?
1
Let g = -26 + 42. Let t be (-4)/1 - (g + -18). What is the tens digit of (0 - -2) + 30 + t?
3
Suppose -15*m + 14831 + 252 + 11182 = 0. What is the tens digit of m?
5
Suppose 0 = 4*c - 0 - 4, 0 = -m + 5*c 